Last updated on 2023-09-23 23:01:01 CEST.
Flavor | Version | Tinstall | Tcheck | Ttotal | Status | Flags |
---|---|---|---|---|---|---|
r-devel-linux-x86_64-debian-clang | 0.3.4 | 130.80 | 36.44 | 167.24 | NOTE | |
r-devel-linux-x86_64-debian-gcc | 0.3.4 | 88.81 | 28.22 | 117.03 | NOTE | |
r-devel-linux-x86_64-fedora-clang | 0.3.4 | 268.52 | NOTE | |||
r-devel-linux-x86_64-fedora-gcc | 0.3.4 | 255.98 | NOTE | |||
r-devel-windows-x86_64 | 0.3.4 | 93.00 | 71.00 | 164.00 | NOTE | |
r-patched-linux-x86_64 | 0.3.4 | 129.68 | 35.33 | 165.01 | NOTE | |
r-release-linux-x86_64 | 0.3.4 | 129.04 | 35.39 | 164.43 | NOTE | |
r-release-macos-arm64 | 0.3.4 | 61.00 | NOTE | |||
r-release-macos-x86_64 | 0.3.4 | 105.00 | NOTE | |||
r-release-windows-x86_64 | 0.3.4 | 113.00 | 77.00 | 190.00 | NOTE | |
r-oldrel-macos-arm64 | 0.3.4 | 59.00 | OK | |||
r-oldrel-macos-x86_64 | 0.3.4 | 75.00 | OK | |||
r-oldrel-windows-x86_64 | 0.3.4 | 140.00 | 83.00 | 223.00 | OK |
Version: 0.3.4
Check: C++ specification
Result: NOTE
Specified C++11: please drop specification unless essential
Flavors: r-devel-linux-x86_64-debian-clang, r-devel-linux-x86_64-debian-gcc, r-devel-linux-x86_64-fedora-clang, r-devel-linux-x86_64-fedora-gcc, r-devel-windows-x86_64, r-patched-linux-x86_64, r-release-linux-x86_64, r-release-macos-arm64, r-release-macos-x86_64, r-release-windows-x86_64
Version: 0.3.4
Check: installed package size
Result: NOTE
installed size is 5.0Mb
sub-directories of 1Mb or more:
libs 4.7Mb
Flavor: r-release-macos-arm64