CRAN Package Check Results for Package wordgraph

Last updated on 2021-12-06 21:51:32 CET.

Flavor Version Tinstall Tcheck Ttotal Status Flags
r-devel-linux-x86_64-debian-clang 0.1.0 2.97 36.87 39.84 OK
r-devel-linux-x86_64-debian-gcc 0.1.0 2.32 28.29 30.61 OK
r-devel-linux-x86_64-fedora-clang 0.1.0 52.61 NOTE
r-devel-linux-x86_64-fedora-gcc 0.1.0 37.71 NOTE
r-devel-windows-x86_64-new-UL 0.1.0 9.00 62.00 71.00 OK
r-devel-windows-x86_64-new-TK 0.1.0 NOTE
r-devel-windows-x86_64-old 0.1.0 7.00 36.00 43.00 OK
r-patched-linux-x86_64 0.1.0 2.78 26.45 29.23 OK
r-release-linux-x86_64 0.1.0 2.02 34.25 36.27 OK
r-release-macos-arm64 0.1.0 NOTE
r-release-macos-x86_64 0.1.0 NOTE
r-release-windows-ix86+x86_64 0.1.0 7.00 43.00 50.00 OK
r-oldrel-macos-x86_64 0.1.0 NOTE
r-oldrel-windows-ix86+x86_64 0.1.0 6.00 48.00 54.00 OK

Check Details

Version: 0.1.0
Check: data for non-ASCII characters
Result: NOTE
     Note: found 6738 marked UTF-8 strings
Flavors: r-devel-linux-x86_64-fedora-clang, r-devel-linux-x86_64-fedora-gcc, r-devel-windows-x86_64-new-TK, r-release-macos-arm64, r-release-macos-x86_64, r-oldrel-macos-x86_64