CRAN Package Check Results for Package wordsalad

Last updated on 2021-12-02 22:56:12 CET.

Flavor Version Tinstall Tcheck Ttotal Status Flags
r-devel-linux-x86_64-debian-clang 0.2.0 2.21 42.87 45.08 OK
r-devel-linux-x86_64-debian-gcc 0.2.0 1.71 30.82 32.53 OK
r-devel-linux-x86_64-fedora-clang 0.2.0 62.61 NOTE
r-devel-linux-x86_64-fedora-gcc 0.2.0 52.83 NOTE
r-devel-windows-x86_64-new-UL 0.2.0 7.00 74.00 81.00 OK
r-devel-windows-x86_64-new-TK 0.2.0 NOTE
r-devel-windows-x86_64-old 0.2.0 5.00 47.00 52.00 OK
r-patched-linux-x86_64 0.2.0 2.00 39.07 41.07 OK
r-patched-solaris-x86 0.2.0 85.40 NOTE
r-release-linux-x86_64 0.2.0 1.93 38.07 40.00 OK
r-release-macos-arm64 0.2.0 NOTE
r-release-macos-x86_64 0.2.0 NOTE
r-release-windows-ix86+x86_64 0.2.0 7.00 61.00 68.00 OK
r-oldrel-macos-x86_64 0.2.0 NOTE
r-oldrel-windows-ix86+x86_64 0.2.0 6.00 61.00 67.00 OK

Check Details

Version: 0.2.0
Check: data for non-ASCII characters
Result: NOTE
     Note: found 3 marked UTF-8 strings
Flavors: r-devel-linux-x86_64-fedora-clang, r-devel-linux-x86_64-fedora-gcc, r-devel-windows-x86_64-new-TK, r-patched-solaris-x86, r-release-macos-arm64, r-release-macos-x86_64, r-oldrel-macos-x86_64