CRAN Package Check Results for Package worldmet

Last updated on 2024-02-22 21:51:58 CET.

Flavor Version Tinstall Tcheck Ttotal Status Flags
r-devel-linux-x86_64-debian-clang 0.9.8 OK
r-devel-linux-x86_64-debian-gcc 0.9.8 4.95 48.67 53.62 OK
r-devel-linux-x86_64-fedora-clang 0.9.8 85.15 NOTE
r-devel-linux-x86_64-fedora-gcc 0.9.8 93.71 OK
r-devel-windows-x86_64 0.9.8 7.00 103.00 110.00 OK
r-patched-linux-x86_64 0.9.8 6.43 62.36 68.79 OK
r-release-linux-x86_64 0.9.8 3.97 62.16 66.13 OK
r-release-macos-arm64 0.9.8 59.00 OK
r-release-macos-x86_64 0.9.8 297.00 OK
r-release-windows-x86_64 0.9.8 9.00 102.00 111.00 OK
r-oldrel-macos-arm64 0.9.8 53.00 OK
r-oldrel-windows-x86_64 0.9.8 9.00 111.00 120.00 OK

Check Details

Version: 0.9.8
Check: Rd cross-references
Result: NOTE Undeclared package ‘lubridate’ in Rd xrefs Flavor: r-devel-linux-x86_64-fedora-clang