CRAN Package Check Results for Package worrms

Last updated on 2021-07-29 00:49:31 CEST.

Flavor Version Tinstall Tcheck Ttotal Status Flags
r-devel-linux-x86_64-debian-clang 0.4.2 NOTE
r-devel-linux-x86_64-debian-gcc 0.4.2 2.25 31.81 34.06 NOTE
r-devel-linux-x86_64-fedora-clang 0.4.2 61.26 NOTE
r-devel-linux-x86_64-fedora-gcc 0.4.2 51.09 NOTE
r-devel-windows-x86_64 0.4.2 4.00 60.00 64.00 NOTE
r-devel-windows-x86_64-gcc10-UCRT 0.4.2 NOTE
r-patched-linux-x86_64 0.4.2 3.18 39.73 42.91 NOTE
r-patched-solaris-x86 0.4.2 72.60 NOTE
r-release-linux-x86_64 0.4.2 2.59 39.60 42.19 NOTE
r-release-macos-arm64 0.4.2 NOTE
r-release-macos-x86_64 0.4.2 NOTE
r-release-windows-ix86+x86_64 0.4.2 7.00 46.00 53.00 NOTE
r-oldrel-macos-x86_64 0.4.2 OK
r-oldrel-windows-ix86+x86_64 0.4.2 6.00 60.00 66.00 OK

Check Details

Version: 0.4.2
Check: LazyData
Result: NOTE
     'LazyData' is specified without a 'data' directory
Flavors: r-devel-linux-x86_64-debian-clang, r-devel-linux-x86_64-debian-gcc, r-devel-linux-x86_64-fedora-clang, r-devel-linux-x86_64-fedora-gcc, r-devel-windows-x86_64, r-devel-windows-x86_64-gcc10-UCRT, r-patched-linux-x86_64, r-patched-solaris-x86, r-release-linux-x86_64, r-release-macos-arm64, r-release-macos-x86_64, r-release-windows-ix86+x86_64