Last updated on 2023-12-09 21:54:35 CET.
Flavor | Version | Tinstall | Tcheck | Ttotal | Status | Flags |
---|---|---|---|---|---|---|
r-devel-linux-x86_64-debian-clang | 1.2-3 | 3.93 | 60.08 | 64.01 | OK | |
r-devel-linux-x86_64-debian-gcc | 1.2-3 | 2.87 | 45.22 | 48.09 | OK | |
r-devel-linux-x86_64-fedora-clang | 1.2-3 | 74.32 | NOTE | |||
r-devel-linux-x86_64-fedora-gcc | 1.2-3 | 69.79 | OK | |||
r-devel-windows-x86_64 | 1.2-3 | 8.00 | 75.00 | 83.00 | NOTE | |
r-patched-linux-x86_64 | 1.2-3 | 3.83 | 56.64 | 60.47 | OK | |
r-release-linux-x86_64 | 1.2-3 | 2.98 | 56.56 | 59.54 | OK | |
r-release-macos-arm64 | 1.2-3 | 34.00 | NOTE | |||
r-release-macos-x86_64 | 1.2-3 | 44.00 | NOTE | |||
r-release-windows-x86_64 | 1.2-3 | 8.00 | 80.00 | 88.00 | NOTE | |
r-oldrel-macos-arm64 | 1.2-3 | 28.00 | NOTE | |||
r-oldrel-macos-x86_64 | 1.2-3 | 44.00 | NOTE | |||
r-oldrel-windows-x86_64 | 1.2-3 | 7.00 | 83.00 | 90.00 | NOTE |
Version: 1.2-3
Check: installed package size
Result: NOTE
installed size is 11.6Mb
sub-directories of 1Mb or more:
data 11.4Mb
Flavors: r-devel-linux-x86_64-fedora-clang, r-devel-windows-x86_64, r-release-macos-arm64, r-release-macos-x86_64, r-release-windows-x86_64, r-oldrel-macos-arm64, r-oldrel-macos-x86_64, r-oldrel-windows-x86_64