Last updated on 2023-12-01 21:54:25 CET.
Flavor | Version | Tinstall | Tcheck | Ttotal | Status | Flags |
---|---|---|---|---|---|---|
r-devel-linux-x86_64-debian-clang | 1.1-1 | 3.61 | 47.94 | 51.55 | OK | |
r-devel-linux-x86_64-debian-gcc | 1.1-1 | 2.55 | 36.99 | 39.54 | OK | |
r-devel-linux-x86_64-fedora-clang | 1.1-1 | 61.24 | NOTE | |||
r-devel-linux-x86_64-fedora-gcc | 1.1-1 | 57.73 | OK | |||
r-devel-windows-x86_64 | 1.1-1 | 6.00 | 64.00 | 70.00 | NOTE | |
r-patched-linux-x86_64 | 1.1-1 | 3.31 | 45.43 | 48.74 | OK | |
r-release-linux-x86_64 | 1.1-1 | 2.35 | 46.06 | 48.41 | OK | |
r-release-macos-arm64 | 1.1-1 | 26.00 | NOTE | |||
r-release-macos-x86_64 | 1.1-1 | 38.00 | NOTE | |||
r-release-windows-x86_64 | 1.1-1 | 8.00 | 64.00 | 72.00 | NOTE | |
r-oldrel-macos-arm64 | 1.1-1 | 24.00 | NOTE | |||
r-oldrel-macos-x86_64 | 1.1-1 | 42.00 | NOTE | |||
r-oldrel-windows-x86_64 | 1.1-1 | 9.00 | 70.00 | 79.00 | NOTE |
Version: 1.1-1
Check: installed package size
Result: NOTE
installed size is 11.4Mb
sub-directories of 1Mb or more:
data 11.3Mb
Flavors: r-devel-linux-x86_64-fedora-clang, r-devel-windows-x86_64, r-release-macos-arm64, r-release-macos-x86_64, r-release-windows-x86_64, r-oldrel-macos-arm64, r-oldrel-macos-x86_64, r-oldrel-windows-x86_64