CRAN Package Check Results for Package wpp2019

Last updated on 2024-06-20 22:51:00 CEST.

Flavor Version Tinstall Tcheck Ttotal Status Flags
r-devel-linux-x86_64-debian-clang 1.1-1 5.14 45.65 50.79 OK
r-devel-linux-x86_64-debian-gcc 1.1-1 2.26 38.18 40.44 OK
r-devel-linux-x86_64-fedora-clang 1.1-1 61.73 NOTE
r-devel-linux-x86_64-fedora-gcc 1.1-1 60.59 OK
r-devel-windows-x86_64 1.1-1 7.00 61.00 68.00 NOTE
r-patched-linux-x86_64 1.1-1 6.01 45.52 51.53 OK
r-release-linux-x86_64 1.1-1 5.00 45.55 50.55 OK
r-release-macos-arm64 1.1-1 23.00 NOTE
r-release-macos-x86_64 1.1-1 47.00 NOTE
r-release-windows-x86_64 1.1-1 6.00 62.00 68.00 NOTE
r-oldrel-macos-arm64 1.1-1 26.00 NOTE
r-oldrel-macos-x86_64 1.1-1 38.00 NOTE
r-oldrel-windows-x86_64 1.1-1 7.00 69.00 76.00 NOTE

Check Details

Version: 1.1-1
Check: installed package size
Result: NOTE installed size is 11.4Mb sub-directories of 1Mb or more: data 11.3Mb Flavors: r-devel-linux-x86_64-fedora-clang, r-devel-windows-x86_64, r-release-macos-arm64, r-release-macos-x86_64, r-release-windows-x86_64, r-oldrel-macos-arm64, r-oldrel-macos-x86_64, r-oldrel-windows-x86_64