CRAN Package Check Results for Package wrProteo

Last updated on 2021-12-03 22:58:01 CET.

Flavor Version Tinstall Tcheck Ttotal Status Flags
r-devel-linux-x86_64-debian-clang 1.4.3 11.29 283.39 294.68 OK
r-devel-linux-x86_64-debian-gcc 1.4.3 9.59 198.31 207.90 OK
r-devel-linux-x86_64-fedora-clang 1.4.3 367.70 NOTE
r-devel-linux-x86_64-fedora-gcc 1.4.3 347.67 OK
r-devel-windows-x86_64-new-UL 1.4.3 21.00 355.00 376.00 NOTE
r-devel-windows-x86_64-new-TK 1.4.3 OK
r-devel-windows-x86_64-old 1.4.3 17.00 279.00 296.00 NOTE
r-patched-linux-x86_64 1.4.3 13.44 275.45 288.89 OK
r-release-linux-x86_64 1.4.3 10.64 276.21 286.85 OK
r-release-macos-arm64 1.4.3 NOTE
r-release-macos-x86_64 1.4.3 NOTE
r-release-windows-ix86+x86_64 1.4.3 18.00 340.00 358.00 NOTE
r-oldrel-macos-x86_64 1.4.3 NOTE
r-oldrel-windows-ix86+x86_64 1.4.3 18.00 343.00 361.00 NOTE

Check Details

Version: 1.4.3
Check: installed package size
Result: NOTE
     installed size is 6.3Mb
     sub-directories of 1Mb or more:
     doc 3.4Mb
     extdata 2.4Mb
Flavors: r-devel-linux-x86_64-fedora-clang, r-devel-windows-x86_64-new-UL, r-devel-windows-x86_64-old, r-release-macos-arm64, r-release-macos-x86_64, r-release-windows-ix86+x86_64, r-oldrel-macos-x86_64, r-oldrel-windows-ix86+x86_64

Version: 1.4.3
Check: package dependencies
Result: NOTE
    Package suggested but not available for checking: ‘ROTS’
Flavors: r-release-macos-arm64, r-release-macos-x86_64, r-oldrel-macos-x86_64