Last updated on 2024-04-19 22:56:08 CEST.
Flavor | Version | Tinstall | Tcheck | Ttotal | Status | Flags |
---|---|---|---|---|---|---|
r-devel-linux-x86_64-debian-clang | 3.2 | 4.11 | 56.05 | 60.16 | NOTE | |
r-devel-linux-x86_64-debian-gcc | 3.2 | NOTE | ||||
r-devel-linux-x86_64-fedora-clang | 3.2 | 74.27 | NOTE | |||
r-devel-linux-x86_64-fedora-gcc | 3.2 | 72.95 | NOTE | |||
r-prerel-macos-arm64 | 3.2 | 22.00 | NOTE | |||
r-prerel-windows-x86_64 | 3.2 | 6.00 | 57.00 | 63.00 | NOTE | |
r-patched-linux-x86_64 | 3.2 | 4.90 | 55.01 | 59.91 | NOTE | |
r-release-linux-x86_64 | 3.2 | 4.56 | 56.21 | 60.77 | OK | |
r-release-macos-arm64 | 3.2 | 23.00 | OK | |||
r-release-macos-x86_64 | 3.2 | 37.00 | OK | |||
r-release-windows-x86_64 | 3.2 | 7.00 | 68.00 | 75.00 | OK | |
r-oldrel-macos-arm64 | 3.2 | 24.00 | OK | |||
r-oldrel-windows-x86_64 | 3.2 | 13.00 | 73.00 | 86.00 | OK |
Version: 3.2
Check: Rd files
Result: NOTE
checkRd: (-1) wtest.Rd:61-64: Lost braces
61 | {When \code{w.order} =2, the \code{wtest()} will automatically calculate the main effect first and then do a pre-filter before calculating interactions.
| ^
checkRd: (-1) wtest.high.Rd:61-64: Lost braces
61 | {When \code{w.order} > 2, the \code{wtest()} will automatically calculate the main effect first and then do a pre-filter before calculating interactions.
| ^
Flavors: r-devel-linux-x86_64-debian-clang, r-devel-linux-x86_64-debian-gcc, r-devel-linux-x86_64-fedora-clang, r-devel-linux-x86_64-fedora-gcc, r-prerel-macos-arm64, r-prerel-windows-x86_64, r-patched-linux-x86_64