CRAN Package Check Results for Package x12

Last updated on 2020-02-17 22:49:53 CET.

Flavor Version Tinstall Tcheck Ttotal Status Flags
r-devel-linux-x86_64-debian-clang 1.9.0 12.93 76.00 88.93 NOTE
r-devel-linux-x86_64-debian-gcc 1.9.0 10.20 58.56 68.76 NOTE
r-devel-linux-x86_64-fedora-clang 1.9.0 110.99 NOTE
r-devel-linux-x86_64-fedora-gcc 1.9.0 103.21 NOTE
r-devel-windows-ix86+x86_64 1.9.0 19.00 94.00 113.00 OK
r-devel-windows-ix86+x86_64-gcc8 1.9.0 28.00 82.00 110.00 OK
r-patched-linux-x86_64 1.9.0 9.25 68.92 78.17 OK
r-patched-solaris-x86 1.9.0 18.50 ERROR
r-release-linux-x86_64 1.9.0 9.42 67.81 77.23 OK
r-release-windows-ix86+x86_64 1.9.0 19.00 100.00 119.00 OK
r-release-osx-x86_64 1.9.0 OK
r-oldrel-windows-ix86+x86_64 1.9.0 15.00 111.00 126.00 OK
r-oldrel-osx-x86_64 1.9.0 OK

Check Details

Version: 1.9.0
Check: for non-standard things in the check directory
Result: NOTE
    Found the following files/directories:
     'Rout.a1' 'Rout.b1' 'Rout.d10' 'Rout.d11' 'Rout.d12' 'Rout.dat'
     'Rout.ftr' 'Rout.html' 'Rout.spc' 'Rout_Profiler.txt' 'Rout_err.html'
     'Rout_log.html' 'gra_Rout'
Flavors: r-devel-linux-x86_64-debian-clang, r-devel-linux-x86_64-debian-gcc, r-devel-linux-x86_64-fedora-clang, r-devel-linux-x86_64-fedora-gcc

Version: 1.9.0
Check: whether package can be installed
Result: ERROR
    Installation failed.
Flavor: r-patched-solaris-x86