CRAN Package Check Results for Package x12

Last updated on 2019-09-17 22:48:22 CEST.

Flavor Version Tinstall Tcheck Ttotal Status Flags
r-devel-linux-x86_64-debian-clang 1.9.0 10.12 66.99 77.11 NOTE
r-devel-linux-x86_64-debian-gcc 1.9.0 9.32 51.75 61.07 NOTE
r-devel-linux-x86_64-fedora-clang 1.9.0 93.88 NOTE
r-devel-linux-x86_64-fedora-gcc 1.9.0 93.97 NOTE
r-devel-windows-ix86+x86_64 1.9.0 23.00 84.00 107.00 OK
r-patched-linux-x86_64 1.9.0 10.03 67.14 77.17 OK
r-patched-solaris-x86 1.9.0 18.10 ERROR
r-release-linux-x86_64 1.9.0 10.18 69.20 79.38 OK
r-release-windows-ix86+x86_64 1.9.0 18.00 119.00 137.00 OK
r-release-osx-x86_64 1.9.0 OK
r-oldrel-windows-ix86+x86_64 1.9.0 18.00 76.00 94.00 OK
r-oldrel-osx-x86_64 1.9.0 OK

Check Details

Version: 1.9.0
Check: for non-standard things in the check directory
Result: NOTE
    Found the following files/directories:
     'Rout.a1' 'Rout.b1' 'Rout.d10' 'Rout.d11' 'Rout.d12' 'Rout.dat'
     'Rout.ftr' 'Rout.html' 'Rout.spc' 'Rout_Profiler.txt' 'Rout_err.html'
     'Rout_log.html' 'gra_Rout'
Flavors: r-devel-linux-x86_64-debian-clang, r-devel-linux-x86_64-debian-gcc, r-devel-linux-x86_64-fedora-clang, r-devel-linux-x86_64-fedora-gcc

Version: 1.9.0
Check: whether package can be installed
Result: ERROR
    Installation failed.
Flavor: r-patched-solaris-x86