CRAN Package Check Results for Package x12

Last updated on 2021-05-06 22:55:40 CEST.

Flavor Version Tinstall Tcheck Ttotal Status Flags
r-devel-linux-x86_64-debian-clang 1.9.3 11.04 80.26 91.30 OK
r-devel-linux-x86_64-debian-gcc 1.9.3 8.81 59.02 67.83 OK
r-devel-linux-x86_64-fedora-clang 1.9.3 125.99 OK
r-devel-linux-x86_64-fedora-gcc 1.9.3 108.36 OK
r-devel-windows-ix86+x86_64 1.9.3 16.00 103.00 119.00 OK
r-devel-windows-x86_64-gcc10-UCRT 1.9.3 OK
r-patched-linux-x86_64 1.9.3 11.97 77.18 89.15 OK
r-patched-solaris-x86 1.9.3 4.70 ERROR
r-release-linux-x86_64 1.9.3 9.80 73.62 83.42 OK
r-release-macos-x86_64 1.9.3 OK
r-release-windows-ix86+x86_64 1.9.3 17.00 81.00 98.00 OK
r-oldrel-macos-x86_64 1.9.3 OK
r-oldrel-windows-ix86+x86_64 1.9.3 20.00 4.00 24.00 ERROR

Check Details

Version: 1.9.3
Check: package dependencies
Result: ERROR
    Package required but not available: ‘x13binary’
    
    See section ‘The DESCRIPTION file’ in the ‘Writing R Extensions’
    manual.
Flavor: r-patched-solaris-x86

Version: 1.9.3
Check: whether package can be installed
Result: ERROR
    Installation failed.
Flavor: r-oldrel-windows-ix86+x86_64