Last updated on 2023-11-27 23:11:57 CET.
Flavor | Version | Tinstall | Tcheck | Ttotal | Status | Flags |
---|---|---|---|---|---|---|
r-devel-linux-x86_64-debian-clang | 1.6.2 | 59.56 | 464.36 | 523.92 | OK | |
r-devel-linux-x86_64-debian-gcc | 1.6.2 | 55.99 | 340.81 | 396.80 | OK | |
r-devel-linux-x86_64-fedora-clang | 1.6.2 | 773.12 | NOTE | |||
r-devel-linux-x86_64-fedora-gcc | 1.6.2 | 511.58 | NOTE | |||
r-devel-windows-x86_64 | 1.6.2 | 52.00 | 403.00 | 455.00 | OK | |
r-patched-linux-x86_64 | 1.6.2 | 45.13 | 454.45 | 499.58 | OK | |
r-release-linux-x86_64 | 1.6.2 | 47.92 | 454.47 | 502.39 | OK | |
r-release-macos-arm64 | 1.6.2 | 249.00 | OK | |||
r-release-macos-x86_64 | 1.6.2 | 548.00 | OK | |||
r-release-windows-x86_64 | 1.6.2 | 75.00 | 514.00 | 589.00 | OK | |
r-oldrel-macos-arm64 | 1.6.2 | 217.00 | OK | |||
r-oldrel-macos-x86_64 | 1.6.2 | 288.00 | OK | |||
r-oldrel-windows-x86_64 | 1.6.2 | 73.00 | 446.00 | 519.00 | OK |
Version: 1.6.2
Check: dependencies in R code
Result: NOTE
Namespace in Imports field not imported from: ‘viridis’
All declared Imports should be used.
Flavors: r-devel-linux-x86_64-fedora-clang, r-devel-linux-x86_64-fedora-gcc