CRAN Package Check Results for Package xaringan

Last updated on 2021-05-13 22:51:20 CEST.

Flavor Version Tinstall Tcheck Ttotal Status Flags
r-devel-linux-x86_64-debian-clang 0.20 3.05 31.49 34.54 OK
r-devel-linux-x86_64-debian-gcc 0.20 2.26 25.04 27.30 OK
r-devel-linux-x86_64-fedora-clang 0.20 52.53 OK
r-devel-linux-x86_64-fedora-gcc 0.20 40.24 OK
r-devel-windows-ix86+x86_64 0.20 7.00 40.00 47.00 OK
r-devel-windows-x86_64-gcc10-UCRT 0.20 OK
r-patched-linux-x86_64 0.20 6.36 30.64 37.00 OK
r-patched-solaris-x86 0.20 66.50 OK
r-release-linux-x86_64 0.20 3.11 30.21 33.32 OK
r-release-macos-x86_64 0.20 OK
r-release-windows-ix86+x86_64 0.20 6.00 52.00 58.00 OK
r-oldrel-macos-x86_64 0.20 OK
r-oldrel-windows-ix86+x86_64 0.20 5.00 5.00 10.00 ERROR

Check Details

Version: 0.20
Check: whether package can be installed
Result: ERROR
    Installation failed.
    See * DONE
Flavor: r-oldrel-windows-ix86+x86_64