CRAN Package Check Results for Package xbreed

Last updated on 2021-11-29 22:59:29 CET.

Flavor Version Tinstall Tcheck Ttotal Status Flags
r-devel-linux-x86_64-debian-clang 1.0.1.1 20.99 86.68 107.67 NOTE
r-devel-linux-x86_64-debian-gcc 1.0.1.1 17.20 64.70 81.90 NOTE
r-devel-linux-x86_64-fedora-clang 1.0.1.1 151.56 NOTE
r-devel-linux-x86_64-fedora-gcc 1.0.1.1 133.27 NOTE
r-devel-windows-x86_64-new-UL 1.0.1.1 37.00 132.00 169.00 NOTE
r-devel-windows-x86_64-new-TK 1.0.1.1 NOTE
r-devel-windows-x86_64-old 1.0.1.1 33.00 78.00 111.00 NOTE
r-patched-linux-x86_64 1.0.1.1 22.14 83.94 106.08 NOTE
r-patched-solaris-x86 1.0.1.1 145.40 NOTE
r-release-linux-x86_64 1.0.1.1 18.86 84.51 103.37 NOTE
r-release-macos-arm64 1.0.1.1 NOTE
r-release-macos-x86_64 1.0.1.1 NOTE
r-release-windows-ix86+x86_64 1.0.1.1 42.00 91.00 133.00 NOTE
r-oldrel-macos-x86_64 1.0.1.1 OK
r-oldrel-windows-ix86+x86_64 1.0.1.1 34.00 127.00 161.00 OK

Check Details

Version: 1.0.1.1
Check: LazyData
Result: NOTE
     'LazyData' is specified without a 'data' directory
Flavors: r-devel-linux-x86_64-debian-clang, r-devel-linux-x86_64-debian-gcc, r-devel-linux-x86_64-fedora-clang, r-devel-linux-x86_64-fedora-gcc, r-devel-windows-x86_64-new-UL, r-devel-windows-x86_64-new-TK, r-devel-windows-x86_64-old, r-patched-linux-x86_64, r-patched-solaris-x86, r-release-linux-x86_64, r-release-macos-arm64, r-release-macos-x86_64, r-release-windows-ix86+x86_64

Version: 1.0.1.1
Check: for non-standard things in the check directory
Result: NOTE
    Found the following files/directories:
     'RP2_data_1.txt' 'RP2_data_4.txt' 'RP2_qtl_1.txt' 'RP2_qtl_4.txt'
     'hp1_effect_qtl.txt' 'hp1_freq_mrk.txt' 'hp1_freq_qtl.txt'
     'hp1_genome.txt' 'hp1_last_hp_data.txt' 'hp1_lm_mrk.txt'
     'hp1_lm_qtl.txt' 'hp1_lm_qtl_mrk.txt' 'hp1_mrk.txt' 'hp1_qtl.txt'
     'hp2_effect_qtl.txt' 'hp2_freq_mrk.txt' 'hp2_freq_qtl.txt'
     'hp2_genome.txt' 'hp2_last_hp_data.txt' 'hp2_lm_mrk.txt'
     'hp2_lm_qtl.txt' 'hp2_lm_qtl_mrk.txt' 'hp2_mrk.txt' 'hp2_qtl.txt'
     'my_RP_data_1.txt' 'my_RP_data_4.txt' 'my_RP_mrk_1.txt'
     'my_RP_mrk_4.txt'
Flavors: r-devel-linux-x86_64-debian-clang, r-devel-linux-x86_64-debian-gcc, r-devel-linux-x86_64-fedora-clang, r-devel-linux-x86_64-fedora-gcc, r-patched-linux-x86_64, r-patched-solaris-x86, r-release-linux-x86_64