Last updated on 2025-01-19 22:49:29 CET.
Flavor | Version | Tinstall | Tcheck | Ttotal | Status | Flags |
---|---|---|---|---|---|---|
r-devel-linux-x86_64-debian-clang | 0.2.3 | 8.58 | 63.73 | 72.31 | OK | |
r-devel-linux-x86_64-debian-gcc | 0.2.3 | 6.82 | 44.81 | 51.63 | OK | |
r-devel-linux-x86_64-fedora-clang | 0.2.3 | 120.94 | OK | |||
r-devel-linux-x86_64-fedora-gcc | 0.2.3 | 120.27 | OK | |||
r-devel-windows-x86_64 | 0.2.3 | 10.00 | 74.00 | 84.00 | OK | |
r-patched-linux-x86_64 | 0.2.3 | 7.70 | 57.72 | 65.42 | NOTE | |
r-release-linux-x86_64 | 0.2.3 | 8.11 | 56.84 | 64.95 | NOTE | |
r-release-macos-arm64 | 0.2.3 | 40.00 | NOTE | |||
r-release-macos-x86_64 | 0.2.3 | 56.00 | NOTE | |||
r-release-windows-x86_64 | 0.2.3 | 11.00 | 78.00 | 89.00 | NOTE | |
r-oldrel-macos-arm64 | 0.2.3 | 36.00 | NOTE | |||
r-oldrel-macos-x86_64 | 0.2.3 | 58.00 | NOTE | |||
r-oldrel-windows-x86_64 | 0.2.3 | 11.00 | 84.00 | 95.00 | NOTE |
Version: 0.2.3
Check: LazyData
Result: NOTE
'LazyData' is specified without a 'data' directory
Flavors: r-patched-linux-x86_64, r-release-linux-x86_64, r-release-macos-arm64, r-release-macos-x86_64, r-release-windows-x86_64, r-oldrel-macos-arm64, r-oldrel-macos-x86_64, r-oldrel-windows-x86_64