CRAN Package Check Results for Package xgobi

Last updated on 2022-01-24 22:56:46 CET.

Flavor Version Tinstall Tcheck Ttotal Status Flags
r-devel-linux-x86_64-debian-clang 1.2-15 2.34 32.11 34.45 NOTE
r-devel-linux-x86_64-debian-gcc 1.2-15 1.85 24.82 26.67 NOTE
r-devel-linux-x86_64-fedora-clang 1.2-15 42.61 NOTE
r-devel-linux-x86_64-fedora-gcc 1.2-15 32.08 NOTE
r-devel-windows-x86_64-new-UL 1.2-15 19.00 70.00 89.00 NOTE
r-devel-windows-x86_64-new-TK 1.2-15 NOTE
r-patched-linux-x86_64 1.2-15 1.95 31.04 32.99 NOTE
r-release-linux-x86_64 1.2-15 1.93 31.12 33.05 NOTE
r-release-macos-arm64 1.2-15 NOTE
r-release-macos-x86_64 1.2-15 NOTE
r-release-windows-ix86+x86_64 1.2-15 5.00 51.00 56.00 NOTE
r-oldrel-macos-x86_64 1.2-15 NOTE
r-oldrel-windows-ix86+x86_64 1.2-15 4.00 48.00 52.00 NOTE

Check Details

Version: 1.2-15
Check: top-level files
Result: NOTE
    File
     LICENCE
    is not mentioned in the DESCRIPTION file.
Flavors: r-devel-linux-x86_64-debian-clang, r-devel-linux-x86_64-debian-gcc, r-devel-linux-x86_64-fedora-clang, r-devel-linux-x86_64-fedora-gcc, r-devel-windows-x86_64-new-UL, r-devel-windows-x86_64-new-TK, r-patched-linux-x86_64, r-release-linux-x86_64, r-release-macos-arm64, r-release-macos-x86_64, r-release-windows-ix86+x86_64, r-oldrel-macos-x86_64, r-oldrel-windows-ix86+x86_64

Version: 1.2-15
Check: R code for possible problems
Result: NOTE
    quadplot: no visible global function definition for 'median'
    xgobi: no visible global function definition for 'write.table'
    Undefined global functions or variables:
     median write.table
    Consider adding
     importFrom("stats", "median")
     importFrom("utils", "write.table")
    to your NAMESPACE file.
Flavors: r-devel-linux-x86_64-debian-clang, r-devel-linux-x86_64-debian-gcc, r-devel-linux-x86_64-fedora-clang, r-devel-linux-x86_64-fedora-gcc, r-devel-windows-x86_64-new-UL, r-devel-windows-x86_64-new-TK, r-patched-linux-x86_64, r-release-linux-x86_64, r-release-macos-arm64, r-release-macos-x86_64, r-release-windows-ix86+x86_64, r-oldrel-macos-x86_64, r-oldrel-windows-ix86+x86_64