CRAN Package Check Results for Package xlsx

Last updated on 2021-06-13 22:48:36 CEST.

Flavor Version Tinstall Tcheck Ttotal Status Flags
r-devel-linux-x86_64-debian-clang 0.6.5 9.65 133.86 143.51 OK
r-devel-linux-x86_64-debian-gcc 0.6.5 6.79 102.32 109.11 OK
r-devel-linux-x86_64-fedora-clang 0.6.5 161.51 OK
r-devel-linux-x86_64-fedora-gcc 0.6.5 158.74 OK
r-devel-windows-x86_64 0.6.5 11.00 97.00 108.00 OK
r-devel-windows-x86_64-gcc10-UCRT 0.6.5 OK
r-patched-linux-x86_64 0.6.5 9.07 134.17 143.24 OK
r-patched-solaris-x86 0.6.5 153.20 OK
r-release-linux-x86_64 0.6.5 8.39 130.92 139.31 OK
r-release-macos-arm64 0.6.5 ERROR
r-release-macos-x86_64 0.6.5 OK
r-release-windows-ix86+x86_64 0.6.5 12.00 112.00 124.00 OK
r-oldrel-macos-x86_64 0.6.5 OK
r-oldrel-windows-ix86+x86_64 0.6.5 13.00 152.00 165.00 OK

Check Details

Version: 0.6.5
Check: whether package can be installed
Result: ERROR
    Installation failed.
Flavor: r-release-macos-arm64