CRAN Package Check Results for Package xlsx2dfs

Last updated on 2023-09-23 23:01:01 CEST.

Flavor Version Tinstall Tcheck Ttotal Status Flags
r-devel-linux-x86_64-debian-clang 0.1.0 2.38 35.69 38.07 NOTE
r-devel-linux-x86_64-debian-gcc 0.1.0 2.35 27.90 30.25 NOTE
r-devel-linux-x86_64-fedora-clang 0.1.0 49.60 NOTE
r-devel-linux-x86_64-fedora-gcc 0.1.0 58.11 NOTE
r-devel-windows-x86_64 0.1.0 4.00 56.00 60.00 NOTE
r-patched-linux-x86_64 0.1.0 2.45 34.24 36.69 NOTE
r-release-linux-x86_64 0.1.0 2.42 34.43 36.85 NOTE
r-release-macos-arm64 0.1.0 28.00 NOTE
r-release-macos-x86_64 0.1.0 40.00 NOTE
r-release-windows-x86_64 0.1.0 8.00 55.00 63.00 NOTE
r-oldrel-macos-arm64 0.1.0 22.00 NOTE
r-oldrel-macos-x86_64 0.1.0 28.00 NOTE
r-oldrel-windows-x86_64 0.1.0 5.00 61.00 66.00 NOTE

Check Details

Version: 0.1.0
Check: LazyData
Result: NOTE
     'LazyData' is specified without a 'data' directory
Flavors: r-devel-linux-x86_64-debian-clang, r-devel-linux-x86_64-debian-gcc, r-devel-linux-x86_64-fedora-clang, r-devel-linux-x86_64-fedora-gcc, r-devel-windows-x86_64, r-patched-linux-x86_64, r-release-linux-x86_64, r-release-macos-arm64, r-release-macos-x86_64, r-release-windows-x86_64, r-oldrel-macos-arm64, r-oldrel-macos-x86_64, r-oldrel-windows-x86_64