CRAN Package Check Results for Package xlsxjars

Last updated on 2021-08-03 22:53:48 CEST.

Flavor Version Tinstall Tcheck Ttotal Status Flags
r-devel-linux-x86_64-debian-clang 0.6.1 3.69 30.24 33.93 OK
r-devel-linux-x86_64-debian-gcc 0.6.1 3.32 24.08 27.40 OK
r-devel-linux-x86_64-fedora-clang 0.6.1 50.01 NOTE
r-devel-linux-x86_64-fedora-gcc 0.6.1 38.44 OK
r-devel-windows-x86_64 0.6.1 5.00 49.00 54.00 NOTE
r-devel-windows-x86_64-gcc10-UCRT 0.6.1 OK
r-patched-linux-x86_64 0.6.1 4.05 29.65 33.70 OK
r-patched-solaris-x86 0.6.1 60.80 NOTE
r-release-linux-x86_64 0.6.1 3.58 29.58 33.16 OK
r-release-macos-arm64 0.6.1 NOTE
r-release-macos-x86_64 0.6.1 NOTE
r-release-windows-ix86+x86_64 0.6.1 7.00 41.00 48.00 NOTE
r-oldrel-macos-x86_64 0.6.1 NOTE
r-oldrel-windows-ix86+x86_64 0.6.1 7.00 36.00 43.00 NOTE

Check Details

Version: 0.6.1
Check: installed package size
Result: NOTE
     installed size is 10.8Mb
     sub-directories of 1Mb or more:
     java 10.7Mb
Flavors: r-devel-linux-x86_64-fedora-clang, r-devel-windows-x86_64, r-patched-solaris-x86, r-release-macos-arm64, r-release-macos-x86_64, r-release-windows-ix86+x86_64, r-oldrel-macos-x86_64, r-oldrel-windows-ix86+x86_64