CRAN Package Check Results for Package xmlconvert

Last updated on 2024-06-23 22:48:44 CEST.

Flavor Version Tinstall Tcheck Ttotal Status Flags
r-devel-linux-x86_64-debian-clang 0.1.2 1.89 27.92 29.81 NOTE
r-devel-linux-x86_64-debian-gcc 0.1.2 1.92 21.70 23.62 NOTE
r-devel-linux-x86_64-fedora-clang 0.1.2 39.09 NOTE
r-devel-linux-x86_64-fedora-gcc 0.1.2 36.43 NOTE
r-devel-windows-x86_64 0.1.2 4.00 43.00 47.00 NOTE
r-patched-linux-x86_64 0.1.2 2.29 28.08 30.37 NOTE
r-release-linux-x86_64 0.1.2 1.68 26.86 28.54 NOTE
r-release-macos-arm64 0.1.2 17.00 NOTE
r-release-macos-x86_64 0.1.2 23.00 NOTE
r-release-windows-x86_64 0.1.2 4.00 43.00 47.00 NOTE
r-oldrel-macos-arm64 0.1.2 17.00 OK
r-oldrel-macos-x86_64 0.1.2 21.00 OK
r-oldrel-windows-x86_64 0.1.2 5.00 45.00 50.00 OK

Check Details

Version: 0.1.2
Check: Rd files
Result: NOTE checkRd: (-1) xml_to_df.Rd:144: Lost braces; missing escapes or markup? 144 | Default {NULL} means the workbook will not be protected with a password} | ^ Flavors: r-devel-linux-x86_64-debian-clang, r-devel-linux-x86_64-debian-gcc, r-devel-linux-x86_64-fedora-clang, r-devel-linux-x86_64-fedora-gcc, r-devel-windows-x86_64, r-patched-linux-x86_64, r-release-linux-x86_64, r-release-macos-arm64, r-release-macos-x86_64, r-release-windows-x86_64