Last updated on 2023-09-30 23:59:42 CEST.
Flavor | Version | Tinstall | Tcheck | Ttotal | Status | Flags |
---|---|---|---|---|---|---|
r-devel-linux-x86_64-debian-clang | 0.1.2 | 2.42 | 27.82 | 30.24 | OK | |
r-devel-linux-x86_64-debian-gcc | 0.1.2 | 1.98 | 21.55 | 23.53 | OK | |
r-devel-linux-x86_64-fedora-clang | 0.1.2 | 38.05 | OK | |||
r-devel-linux-x86_64-fedora-gcc | 0.1.2 | 36.54 | OK | |||
r-devel-windows-x86_64 | 0.1.2 | 4.00 | 44.00 | 48.00 | OK | |
r-patched-linux-x86_64 | 0.1.2 | 1.84 | 26.82 | 28.66 | OK | |
r-release-linux-x86_64 | 0.1.2 | 1.55 | 27.29 | 28.84 | OK | |
r-release-macos-arm64 | 0.1.2 | 17.00 | OK | |||
r-release-macos-x86_64 | 0.1.2 | 21.00 | OK | |||
r-release-windows-x86_64 | 0.1.2 | 5.00 | 43.00 | 48.00 | OK | |
r-oldrel-macos-arm64 | 0.1.2 | 14.00 | OK | |||
r-oldrel-macos-x86_64 | 0.1.2 | 26.00 | NOTE | |||
r-oldrel-windows-x86_64 | 0.1.2 | 5.00 | 45.00 | 50.00 | OK |
Version: 0.1.2
Check: package dependencies
Result: NOTE
Package suggested but not available for checking: ‘xlsx’
Flavor: r-oldrel-macos-x86_64