CRAN Package Check Results for Package xplain

Last updated on 2024-07-16 22:48:49 CEST.

Flavor Version Tinstall Tcheck Ttotal Status Flags
r-devel-linux-x86_64-debian-clang 0.2.2 3.47 27.74 31.21 NOTE
r-devel-linux-x86_64-debian-gcc 0.2.2 2.54 20.97 23.51 NOTE
r-devel-linux-x86_64-fedora-clang 0.2.2 39.01 NOTE
r-devel-linux-x86_64-fedora-gcc 0.2.2 35.89 NOTE
r-devel-windows-x86_64 0.2.2 4.00 42.00 46.00 NOTE
r-patched-linux-x86_64 0.2.2 2.45 25.58 28.03 NOTE
r-release-linux-x86_64 0.2.2 2.04 25.26 27.30 NOTE
r-release-macos-arm64 0.2.2 17.00 NOTE
r-release-macos-x86_64 0.2.2 23.00 NOTE
r-release-windows-x86_64 0.2.2 5.00 42.00 47.00 NOTE
r-oldrel-macos-arm64 0.2.2 17.00 NOTE
r-oldrel-macos-x86_64 0.2.2 21.00 NOTE
r-oldrel-windows-x86_64 0.2.2 5.00 44.00 49.00 NOTE

Check Details

Version: 0.2.2
Check: LazyData
Result: NOTE 'LazyData' is specified without a 'data' directory Flavors: r-devel-linux-x86_64-debian-clang, r-devel-linux-x86_64-debian-gcc, r-devel-linux-x86_64-fedora-clang, r-devel-linux-x86_64-fedora-gcc, r-devel-windows-x86_64, r-patched-linux-x86_64, r-release-linux-x86_64, r-release-macos-arm64, r-release-macos-x86_64, r-release-windows-x86_64, r-oldrel-macos-arm64, r-oldrel-macos-x86_64, r-oldrel-windows-x86_64

Version: 0.2.2
Check: dependencies in R code
Result: NOTE Namespace in Imports field not imported from: ‘RCurl’ All declared Imports should be used. Flavors: r-devel-linux-x86_64-fedora-clang, r-devel-linux-x86_64-fedora-gcc