Last updated on 2023-09-23 23:01:01 CEST.
Flavor | Version | Tinstall | Tcheck | Ttotal | Status | Flags |
---|---|---|---|---|---|---|
r-devel-linux-x86_64-debian-clang | 0.2.2 | 3.31 | 26.68 | 29.99 | NOTE | |
r-devel-linux-x86_64-debian-gcc | 0.2.2 | 2.39 | 20.78 | 23.17 | NOTE | |
r-devel-linux-x86_64-fedora-clang | 0.2.2 | 38.51 | NOTE | |||
r-devel-linux-x86_64-fedora-gcc | 0.2.2 | 35.70 | NOTE | |||
r-devel-windows-x86_64 | 0.2.2 | 4.00 | 43.00 | 47.00 | NOTE | |
r-patched-linux-x86_64 | 0.2.2 | 2.32 | 26.06 | 28.38 | NOTE | |
r-release-linux-x86_64 | 0.2.2 | 2.00 | 26.69 | 28.69 | NOTE | |
r-release-macos-arm64 | 0.2.2 | 17.00 | NOTE | |||
r-release-macos-x86_64 | 0.2.2 | 21.00 | NOTE | |||
r-release-windows-x86_64 | 0.2.2 | 5.00 | 43.00 | 48.00 | NOTE | |
r-oldrel-macos-arm64 | 0.2.2 | 13.00 | NOTE | |||
r-oldrel-macos-x86_64 | 0.2.2 | 27.00 | NOTE | |||
r-oldrel-windows-x86_64 | 0.2.2 | 5.00 | 46.00 | 51.00 | NOTE |
Version: 0.2.2
Check: LazyData
Result: NOTE
'LazyData' is specified without a 'data' directory
Flavors: r-devel-linux-x86_64-debian-clang, r-devel-linux-x86_64-debian-gcc, r-devel-linux-x86_64-fedora-clang, r-devel-linux-x86_64-fedora-gcc, r-devel-windows-x86_64, r-patched-linux-x86_64, r-release-linux-x86_64, r-release-macos-arm64, r-release-macos-x86_64, r-release-windows-x86_64, r-oldrel-macos-arm64, r-oldrel-macos-x86_64, r-oldrel-windows-x86_64
Version: 0.2.2
Check: dependencies in R code
Result: NOTE
Namespace in Imports field not imported from: ‘RCurl’
All declared Imports should be used.
Flavors: r-devel-linux-x86_64-fedora-clang, r-devel-linux-x86_64-fedora-gcc, r-oldrel-macos-arm64, r-oldrel-macos-x86_64