Last updated on 2023-09-28 23:09:03 CEST.
Flavor | Version | Tinstall | Tcheck | Ttotal | Status | Flags |
---|---|---|---|---|---|---|
r-devel-linux-x86_64-debian-clang | 4.7.2 | 26.68 | 216.25 | 242.93 | NOTE | |
r-devel-linux-x86_64-debian-gcc | 4.7.2 | 20.58 | 158.51 | 179.09 | NOTE | |
r-devel-linux-x86_64-fedora-clang | 4.7.2 | 299.90 | NOTE | |||
r-devel-linux-x86_64-fedora-gcc | 4.7.2 | 284.42 | NOTE | |||
r-devel-windows-x86_64 | 4.7.2 | 24.00 | 207.00 | 231.00 | NOTE | |
r-patched-linux-x86_64 | 4.7.2 | 36.08 | 207.88 | 243.96 | NOTE | |
r-release-linux-x86_64 | 4.7.2 | 17.07 | 212.50 | 229.57 | NOTE | |
r-release-macos-arm64 | 4.7.2 | 78.00 | NOTE | |||
r-release-macos-x86_64 | 4.7.2 | 126.00 | NOTE | |||
r-release-windows-x86_64 | 4.7.2 | 33.00 | 256.00 | 289.00 | NOTE | |
r-oldrel-macos-arm64 | 4.7.2 | 65.00 | OK | |||
r-oldrel-macos-x86_64 | 4.7.2 | 87.00 | OK | |||
r-oldrel-windows-x86_64 | 4.7.2 | 35.00 | 206.00 | 241.00 | OK |
Version: 4.7.2
Check: Rd files
Result: NOTE
checkRd: (-1) read.npc.vpc.results.Rd:16: Escaped LaTeX specials: \_
checkRd: (-1) read.npc.vpc.results.Rd:19: Escaped LaTeX specials: \_ \_ \_ \_ \_ \_
checkRd: (-1) read.npc.vpc.results.Rd:22: Escaped LaTeX specials: \_
Flavors: r-devel-linux-x86_64-debian-clang, r-devel-linux-x86_64-debian-gcc, r-devel-linux-x86_64-fedora-clang, r-devel-linux-x86_64-fedora-gcc, r-devel-windows-x86_64, r-patched-linux-x86_64, r-release-linux-x86_64, r-release-macos-arm64, r-release-macos-x86_64, r-release-windows-x86_64
Version: 4.7.2
Check: Rd \usage sections
Result: NOTE
Documented arguments not in \usage in documentation object 'xpose.create.title':
‘plot.text’ ‘main’
Functions with \usage entries need to have the appropriate \alias
entries, and all their arguments documented.
The \usage entries must correspond to syntactically valid R code.
See chapter ‘Writing R documentation files’ in the ‘Writing R
Extensions’ manual.
Flavors: r-devel-linux-x86_64-debian-clang, r-devel-linux-x86_64-debian-gcc, r-devel-linux-x86_64-fedora-clang, r-devel-linux-x86_64-fedora-gcc, r-devel-windows-x86_64