CRAN Package Check Results for Package xtable

Last updated on 2021-10-18 22:56:24 CEST.

Flavor Version Tinstall Tcheck Ttotal Status Flags
r-devel-linux-x86_64-debian-clang 1.8-4 2.75 59.02 61.77 NOTE
r-devel-linux-x86_64-debian-gcc 1.8-4 2.03 46.58 48.61 NOTE
r-devel-linux-x86_64-fedora-clang 1.8-4 95.68 NOTE
r-devel-linux-x86_64-fedora-gcc 1.8-4 80.60 NOTE
r-devel-windows-x86_64 1.8-4 8.00 82.00 90.00 OK
r-devel-windows-x86_64-gcc10-UCRT 1.8-4 OK
r-patched-linux-x86_64 1.8-4 3.97 59.59 63.56 NOTE
r-patched-solaris-x86 1.8-4 116.50 NOTE
r-release-linux-x86_64 1.8-4 2.23 59.52 61.75 NOTE
r-release-macos-arm64 1.8-4 OK
r-release-macos-x86_64 1.8-4 OK
r-release-windows-ix86+x86_64 1.8-4 7.00 143.00 150.00 OK
r-oldrel-macos-x86_64 1.8-4 OK
r-oldrel-windows-ix86+x86_64 1.8-4 26.00 102.00 128.00 OK

Check Details

Version: 1.8-4
Check: for non-standard things in the check directory
Result: NOTE
    Found the following files/directories:
     'xtable.html' 'xtable.tex'
Flavors: r-devel-linux-x86_64-debian-clang, r-devel-linux-x86_64-debian-gcc, r-devel-linux-x86_64-fedora-clang, r-devel-linux-x86_64-fedora-gcc, r-patched-linux-x86_64, r-patched-solaris-x86, r-release-linux-x86_64