CRAN Package Check Results for Package xxIRT

Last updated on 2024-02-25 23:02:26 CET.

Flavor Version Tinstall Tcheck Ttotal Status Flags
r-devel-linux-x86_64-debian-clang 2.1.2 11.62 89.04 100.66 NOTE
r-devel-linux-x86_64-debian-gcc 2.1.2 8.04 65.48 73.52 NOTE
r-devel-linux-x86_64-fedora-clang 2.1.2 120.45 OK
r-devel-linux-x86_64-fedora-gcc 2.1.2 115.80 OK
r-devel-windows-x86_64 2.1.2 11.00 79.00 90.00 OK
r-patched-linux-x86_64 2.1.2 12.13 85.32 97.45 OK
r-release-linux-x86_64 2.1.2 9.66 84.57 94.23 OK
r-release-macos-arm64 2.1.2 35.00 OK
r-release-macos-x86_64 2.1.2 58.00 OK
r-release-windows-x86_64 2.1.2 16.00 92.00 108.00 OK
r-oldrel-macos-arm64 2.1.2 32.00 OK
r-oldrel-windows-x86_64 2.1.2 15.00 96.00 111.00 OK

Check Details

Version: 2.1.2
Check: Rd files
Result: NOTE checkRd: (-1) cat_sim.Rd:110: Lost braces; missing escapes or markup? 110 | \code{min} and {max} are mandatory for setting limits on the test length. User-defined | ^ Flavors: r-devel-linux-x86_64-debian-clang, r-devel-linux-x86_64-debian-gcc