Last updated on 2024-04-18 22:53:06 CEST.
Flavor | Version | Tinstall | Tcheck | Ttotal | Status | Flags |
---|---|---|---|---|---|---|
r-devel-linux-x86_64-debian-clang | 0.1.2 | 47.58 | 103.61 | 151.19 | NOTE | |
r-devel-linux-x86_64-debian-gcc | 0.1.2 | 36.30 | 76.16 | 112.46 | NOTE | |
r-devel-linux-x86_64-fedora-clang | 0.1.2 | 203.44 | NOTE | |||
r-devel-linux-x86_64-fedora-gcc | 0.1.2 | 196.53 | NOTE | |||
r-prerel-macos-arm64 | 0.1.2 | 50.00 | NOTE | |||
r-prerel-windows-x86_64 | 0.1.2 | 40.00 | 110.00 | 150.00 | NOTE | |
r-patched-linux-x86_64 | 0.1.2 | 48.05 | 97.68 | 145.73 | NOTE | |
r-release-linux-x86_64 | 0.1.2 | 50.87 | 101.56 | 152.43 | NOTE | |
r-release-macos-arm64 | 0.1.2 | 59.00 | NOTE | |||
r-release-macos-x86_64 | 0.1.2 | 102.00 | NOTE | |||
r-release-windows-x86_64 | 0.1.2 | 50.00 | 135.00 | 185.00 | NOTE | |
r-oldrel-macos-arm64 | 0.1.2 | 61.00 | OK | |||
r-oldrel-windows-x86_64 | 0.1.2 | 48.00 | 132.00 | 180.00 | OK |
Version: 0.1.2
Check: C++ specification
Result: NOTE
Specified C++11: please drop specification unless essential
Flavors: r-devel-linux-x86_64-debian-clang, r-devel-linux-x86_64-debian-gcc, r-devel-linux-x86_64-fedora-clang, r-devel-linux-x86_64-fedora-gcc, r-prerel-macos-arm64, r-prerel-windows-x86_64, r-patched-linux-x86_64, r-release-linux-x86_64, r-release-macos-arm64, r-release-macos-x86_64, r-release-windows-x86_64