CRAN Package Check Results for Package yesno

Last updated on 2021-09-18 23:50:10 CEST.

Flavor Version Tinstall Tcheck Ttotal Status Flags
r-devel-linux-x86_64-debian-clang 0.1.2 1.74 22.88 24.62 NOTE
r-devel-linux-x86_64-debian-gcc 0.1.2 1.45 18.07 19.52 NOTE
r-devel-linux-x86_64-fedora-clang 0.1.2 39.15 NOTE
r-devel-linux-x86_64-fedora-gcc 0.1.2 27.79 NOTE
r-devel-windows-x86_64 0.1.2 3.00 42.00 45.00 NOTE
r-devel-windows-x86_64-gcc10-UCRT 0.1.2 NOTE
r-patched-linux-x86_64 0.1.2 1.62 22.40 24.02 NOTE
r-patched-solaris-x86 0.1.2 45.10 NOTE
r-release-linux-x86_64 0.1.2 1.66 22.38 24.04 NOTE
r-release-macos-arm64 0.1.2 NOTE
r-release-macos-x86_64 0.1.2 NOTE
r-release-windows-ix86+x86_64 0.1.2 4.00 32.00 36.00 NOTE
r-oldrel-macos-x86_64 0.1.2 OK
r-oldrel-windows-ix86+x86_64 0.1.2 7.00 30.00 37.00 OK

Check Details

Version: 0.1.2
Check: LazyData
Result: NOTE
     'LazyData' is specified without a 'data' directory
Flavors: r-devel-linux-x86_64-debian-clang, r-devel-linux-x86_64-debian-gcc, r-devel-linux-x86_64-fedora-clang, r-devel-linux-x86_64-fedora-gcc, r-devel-windows-x86_64, r-devel-windows-x86_64-gcc10-UCRT, r-patched-linux-x86_64, r-patched-solaris-x86, r-release-linux-x86_64, r-release-macos-arm64, r-release-macos-x86_64, r-release-windows-ix86+x86_64