Last updated on 2023-09-21 23:03:36 CEST.
Flavor | Version | Tinstall | Tcheck | Ttotal | Status | Flags |
---|---|---|---|---|---|---|
r-devel-linux-x86_64-debian-clang | 1.1.0 | 0.62 | 1.77 | 2.39 | ERROR | |
r-devel-linux-x86_64-debian-gcc | 1.1.0 | 32.03 | 65.63 | 97.66 | OK | |
r-devel-linux-x86_64-fedora-clang | 1.1.0 | 168.07 | NOTE | |||
r-devel-linux-x86_64-fedora-gcc | 1.1.0 | 163.36 | NOTE | |||
r-devel-windows-x86_64 | 1.1.0 | 34.00 | 82.00 | 116.00 | OK | |
r-patched-linux-x86_64 | 1.1.0 | 25.94 | 82.24 | 108.18 | OK | |
r-release-linux-x86_64 | 1.1.0 | 24.52 | 82.16 | 106.68 | OK | |
r-release-macos-arm64 | 1.1.0 | 62.00 | OK | |||
r-release-macos-x86_64 | 1.1.0 | 97.00 | OK | |||
r-release-windows-x86_64 | 1.1.0 | 48.00 | 88.00 | 136.00 | OK | |
r-oldrel-macos-arm64 | 1.1.0 | 66.00 | NOTE | |||
r-oldrel-macos-x86_64 | 1.1.0 | 106.00 | NOTE | |||
r-oldrel-windows-x86_64 | 1.1.0 | 48.00 | 87.00 | 135.00 | OK |
Version: 1.1.0
Check: package dependencies
Result: ERROR
Package required but not available: ‘eulerr’
See section ‘The DESCRIPTION file’ in the ‘Writing R Extensions’
manual.
Flavor: r-devel-linux-x86_64-debian-clang
Version: 1.1.0
Check: dependencies in R code
Result: NOTE
Namespace in Imports field not imported from: ‘spelling’
All declared Imports should be used.
Flavors: r-devel-linux-x86_64-fedora-clang, r-devel-linux-x86_64-fedora-gcc, r-oldrel-macos-arm64, r-oldrel-macos-x86_64