Last updated on 2024-04-19 22:56:08 CEST.
Flavor | Version | Tinstall | Tcheck | Ttotal | Status | Flags |
---|---|---|---|---|---|---|
r-devel-linux-x86_64-debian-clang | 1.1.0 | 35.31 | 86.07 | 121.38 | OK | |
r-devel-linux-x86_64-debian-gcc | 1.1.0 | OK | ||||
r-devel-linux-x86_64-fedora-clang | 1.1.0 | 162.24 | NOTE | |||
r-devel-linux-x86_64-fedora-gcc | 1.1.0 | 158.25 | NOTE | |||
r-prerel-macos-arm64 | 1.1.0 | 60.00 | OK | |||
r-prerel-windows-x86_64 | 1.1.0 | 33.00 | 77.00 | 110.00 | OK | |
r-patched-linux-x86_64 | 1.1.0 | 38.76 | 84.60 | 123.36 | OK | |
r-release-linux-x86_64 | 1.1.0 | 28.73 | 81.87 | 110.60 | OK | |
r-release-macos-arm64 | 1.1.0 | 62.00 | OK | |||
r-release-macos-x86_64 | 1.1.0 | 97.00 | OK | |||
r-release-windows-x86_64 | 1.1.0 | 46.00 | 87.00 | 133.00 | OK | |
r-oldrel-macos-arm64 | 1.1.0 | 66.00 | NOTE | |||
r-oldrel-windows-x86_64 | 1.1.0 | 48.00 | 86.00 | 134.00 | OK |
Version: 1.1.0
Check: dependencies in R code
Result: NOTE
Namespace in Imports field not imported from: ‘spelling’
All declared Imports should be used.
Flavors: r-devel-linux-x86_64-fedora-clang, r-devel-linux-x86_64-fedora-gcc, r-oldrel-macos-arm64