CRAN Package Check Results for Package yuima

Last updated on 2021-08-04 22:55:40 CEST.

Flavor Version Tinstall Tcheck Ttotal Status Flags
r-devel-linux-x86_64-debian-clang 1.9.6 130.75 228.12 358.87 OK
r-devel-linux-x86_64-debian-gcc 1.9.6 97.63 162.87 260.50 OK
r-devel-linux-x86_64-fedora-clang 1.9.6 441.52 NOTE
r-devel-linux-x86_64-fedora-gcc 1.9.6 409.11 OK
r-devel-windows-x86_64 1.9.6 125.00 338.00 463.00 OK
r-devel-windows-x86_64-gcc10-UCRT 1.9.6 OK
r-patched-linux-x86_64 1.9.6 119.61 211.41 331.02 OK
r-patched-solaris-x86 1.9.6 537.70 OK
r-release-linux-x86_64 1.9.6 107.47 212.42 319.89 OK
r-release-macos-arm64 1.9.6 NOTE
r-release-macos-x86_64 1.9.6 NOTE
r-release-windows-ix86+x86_64 1.9.6 267.00 318.00 585.00 NOTE
r-oldrel-macos-x86_64 1.9.6 NOTE
r-oldrel-windows-ix86+x86_64 1.9.6 192.00 440.00 632.00 NOTE

Additional issues

rchk

Check Details

Version: 1.9.6
Check: installed package size
Result: NOTE
     installed size is 6.1Mb
     sub-directories of 1Mb or more:
     R 1.9Mb
     libs 3.3Mb
Flavors: r-devel-linux-x86_64-fedora-clang, r-release-macos-arm64, r-release-macos-x86_64, r-release-windows-ix86+x86_64, r-oldrel-macos-x86_64, r-oldrel-windows-ix86+x86_64