CRAN Package Check Results for Package zenplots

Last updated on 2019-10-22 22:49:27 CEST.

Flavor Version Tinstall Tcheck Ttotal Status Flags
r-devel-linux-x86_64-debian-clang 1.0.0 13.46 107.14 120.60 OK
r-devel-linux-x86_64-debian-gcc 1.0.0 10.39 86.24 96.63 OK
r-devel-linux-x86_64-fedora-clang 1.0.0 153.45 OK
r-devel-linux-x86_64-fedora-gcc 1.0.0 171.57 OK
r-devel-windows-ix86+x86_64 1.0.0 27.00 246.00 273.00 OK
r-patched-linux-x86_64 1.0.0 12.42 106.45 118.87 OK
r-patched-solaris-x86 1.0.0 211.40 OK
r-release-linux-x86_64 1.0.0 12.94 107.78 120.72 OK
r-release-windows-ix86+x86_64 1.0.0 28.00 197.00 225.00 OK
r-release-osx-x86_64 1.0.0 ERROR
r-oldrel-windows-ix86+x86_64 1.0.0 24.00 279.00 303.00 OK
r-oldrel-osx-x86_64 1.0.0 OK

Check Details

Version: 1.0.0
Check: whether package can be installed
Result: ERROR
    Installation failed.
Flavor: r-release-osx-x86_64