Last updated on 2024-04-23 22:55:41 CEST.
Flavor | Version | Tinstall | Tcheck | Ttotal | Status | Flags |
---|---|---|---|---|---|---|
r-devel-linux-x86_64-debian-clang | 1.2.1 | 18.82 | 160.46 | 179.28 | NOTE | |
r-devel-linux-x86_64-debian-gcc | 1.2.1 | 12.99 | 112.43 | 125.42 | NOTE | |
r-devel-linux-x86_64-fedora-clang | 1.2.1 | 223.57 | NOTE | |||
r-devel-linux-x86_64-fedora-gcc | 1.2.1 | 217.91 | NOTE | |||
r-prerel-macos-arm64 | 1.2.1 | 55.00 | NOTE | |||
r-prerel-windows-x86_64 | 1.2.1 | 15.00 | 134.00 | 149.00 | NOTE | |
r-patched-linux-x86_64 | 1.2.1 | 22.05 | 148.97 | 171.02 | NOTE | |
r-release-linux-x86_64 | 1.2.1 | 15.54 | 152.71 | 168.25 | OK | |
r-release-macos-arm64 | 1.2.1 | 63.00 | OK | |||
r-release-macos-x86_64 | 1.2.1 | 105.00 | OK | |||
r-release-windows-x86_64 | 1.2.1 | 18.00 | 174.00 | 192.00 | OK | |
r-oldrel-macos-arm64 | 1.2.1 | 51.00 | OK | |||
r-oldrel-windows-x86_64 | 1.2.1 | 18.00 | 160.00 | 178.00 | OK |
Version: 1.2.1
Check: Rd files
Result: NOTE
checkRd: (-1) glm.cons.Rd:54: Lost braces; missing escapes or markup?
54 | \item{method}{the method used in fitting the model. The default method "\code{glm.fit.cons}" uses function {nnnpls} from package nnls instead of \code{lm.fit} to impose the sign of the coefficients. As in \code{glm}, the alternative method "\code{model.frame}" returns the model frame and does no fitting.}
| ^
Flavors: r-devel-linux-x86_64-debian-clang, r-devel-linux-x86_64-debian-gcc, r-devel-linux-x86_64-fedora-clang, r-devel-linux-x86_64-fedora-gcc, r-prerel-macos-arm64, r-prerel-windows-x86_64, r-patched-linux-x86_64