CRAN Package Check Results for Package zipangu

Last updated on 2021-11-26 23:03:45 CET.

Flavor Version Tinstall Tcheck Ttotal Status Flags
r-devel-linux-x86_64-debian-clang 0.2.3 2.95 47.57 50.52 OK
r-devel-linux-x86_64-debian-gcc 0.2.3 2.40 36.94 39.34 OK
r-devel-linux-x86_64-fedora-clang 0.2.3 71.58 NOTE
r-devel-linux-x86_64-fedora-gcc 0.2.3 60.24 NOTE
r-devel-windows-x86_64-new-UL 0.2.3 10.00 90.00 100.00 OK
r-devel-windows-x86_64-new-TK 0.2.3 NOTE
r-devel-windows-x86_64-old 0.2.3 5.00 75.00 80.00 OK
r-patched-linux-x86_64 0.2.3 3.05 46.69 49.74 OK
r-patched-solaris-x86 0.2.3 85.10 NOTE
r-release-linux-x86_64 0.2.3 OK
r-release-macos-arm64 0.2.3 NOTE
r-release-macos-x86_64 0.2.3 NOTE
r-release-windows-ix86+x86_64 0.2.3 8.00 57.00 65.00 OK
r-oldrel-macos-x86_64 0.2.3 NOTE
r-oldrel-windows-ix86+x86_64 0.2.3 28.00 73.00 101.00 OK

Check Details

Version: 0.2.3
Check: data for non-ASCII characters
Result: NOTE
     Note: found 47 marked UTF-8 strings
Flavors: r-devel-linux-x86_64-fedora-clang, r-devel-linux-x86_64-fedora-gcc, r-devel-windows-x86_64-new-TK, r-patched-solaris-x86, r-release-macos-arm64, r-release-macos-x86_64, r-oldrel-macos-x86_64