CRAN Package Check Results for Package zipfR

Last updated on 2023-12-07 21:56:06 CET.

Flavor Version Tinstall Tcheck Ttotal Status Flags
r-devel-linux-x86_64-debian-clang 0.6-70 8.91 113.22 122.13 OK
r-devel-linux-x86_64-debian-gcc 0.6-70 7.51 87.43 94.94 OK
r-devel-linux-x86_64-fedora-clang 0.6-70 154.72 NOTE
r-devel-linux-x86_64-fedora-gcc 0.6-70 160.33 NOTE
r-devel-windows-x86_64 0.6-70 10.00 134.00 144.00 OK
r-patched-linux-x86_64 0.6-70 12.75 106.17 118.92 OK
r-release-linux-x86_64 0.6-70 8.21 105.85 114.06 OK
r-release-macos-arm64 0.6-70 55.00 OK
r-release-macos-x86_64 0.6-70 101.00 OK
r-release-windows-x86_64 0.6-70 12.00 138.00 150.00 OK
r-oldrel-macos-arm64 0.6-70 47.00 OK
r-oldrel-macos-x86_64 0.6-70 64.00 NOTE
r-oldrel-windows-x86_64 0.6-70 22.00 135.00 157.00 OK

Check Details

Version: 0.6-70
Check: data for non-ASCII characters
Result: NOTE Note: found 146804 marked UTF-8 strings Flavors: r-devel-linux-x86_64-fedora-clang, r-devel-linux-x86_64-fedora-gcc, r-oldrel-macos-x86_64