CRAN Package Check Results for Package zipfR

Last updated on 2022-01-23 22:49:59 CET.

Flavor Version Tinstall Tcheck Ttotal Status Flags
r-devel-linux-x86_64-debian-clang 0.6-70 10.94 108.71 119.65 OK
r-devel-linux-x86_64-debian-gcc 0.6-70 6.69 89.70 96.39 OK
r-devel-linux-x86_64-fedora-clang 0.6-70 152.26 NOTE
r-devel-linux-x86_64-fedora-gcc 0.6-70 140.23 NOTE
r-devel-windows-x86_64-new-UL 0.6-70 94.00 148.00 242.00 OK
r-devel-windows-x86_64-new-TK 0.6-70 NOTE
r-patched-linux-x86_64 0.6-70 11.21 102.95 114.16 OK
r-release-linux-x86_64 0.6-70 10.12 107.79 117.91 OK
r-release-macos-arm64 0.6-70 NOTE
r-release-macos-x86_64 0.6-70 NOTE
r-release-windows-ix86+x86_64 0.6-70 17.00 107.00 124.00 OK
r-oldrel-macos-x86_64 0.6-70 NOTE
r-oldrel-windows-ix86+x86_64 0.6-70 12.00 104.00 116.00 OK

Check Details

Version: 0.6-70
Check: data for non-ASCII characters
Result: NOTE
     Note: found 146804 marked UTF-8 strings
Flavors: r-devel-linux-x86_64-fedora-clang, r-devel-linux-x86_64-fedora-gcc, r-devel-windows-x86_64-new-TK, r-release-macos-arm64, r-release-macos-x86_64, r-oldrel-macos-x86_64