CRAN Package Check Results for Package zonator

Last updated on 2021-12-04 22:59:52 CET.

Flavor Version Tinstall Tcheck Ttotal Status Flags
r-devel-linux-x86_64-debian-clang 0.6.0 31.47 182.49 213.96 NOTE
r-devel-linux-x86_64-debian-gcc 0.6.0 27.92 149.12 177.04 NOTE
r-devel-linux-x86_64-fedora-clang 0.6.0 384.12 NOTE
r-devel-linux-x86_64-fedora-gcc 0.6.0 264.21 NOTE
r-devel-windows-x86_64-new-UL 0.6.0 65.00 309.00 374.00 NOTE
r-devel-windows-x86_64-new-TK 0.6.0 NOTE
r-devel-windows-x86_64-old 0.6.0 49.00 200.00 249.00 NOTE
r-patched-linux-x86_64 0.6.0 34.30 169.28 203.58 NOTE
r-release-linux-x86_64 0.6.0 30.14 170.31 200.45 NOTE
r-release-macos-arm64 0.6.0 NOTE
r-release-macos-x86_64 0.6.0 NOTE
r-release-windows-ix86+x86_64 0.6.0 72.00 293.00 365.00 NOTE
r-oldrel-macos-x86_64 0.6.0 NOTE
r-oldrel-windows-ix86+x86_64 0.6.0 73.00 313.00 386.00 NOTE

Check Details

Version: 0.6.0
Check: package dependencies
Result: NOTE
    Package suggested but not available for checking: 'zdat'
Flavors: r-devel-linux-x86_64-debian-clang, r-devel-linux-x86_64-debian-gcc, r-devel-linux-x86_64-fedora-clang, r-devel-linux-x86_64-fedora-gcc, r-devel-windows-x86_64-new-UL, r-devel-windows-x86_64-new-TK, r-devel-windows-x86_64-old, r-patched-linux-x86_64, r-release-linux-x86_64, r-release-macos-arm64, r-release-macos-x86_64, r-release-windows-ix86+x86_64, r-oldrel-macos-x86_64, r-oldrel-windows-ix86+x86_64