CRAN Package Check Results for Package zooaRchGUI

Last updated on 2019-08-21 22:48:54 CEST.

Flavor Version Tinstall Tcheck Ttotal Status Flags
r-devel-linux-x86_64-debian-clang 1.0.2 29.07 128.14 157.21 OK
r-devel-linux-x86_64-debian-gcc 1.0.2 OK
r-devel-linux-x86_64-fedora-clang 1.0.2 209.95 OK
r-devel-linux-x86_64-fedora-gcc 1.0.2 238.79 OK
r-devel-windows-ix86+x86_64 1.0.2 86.00 395.00 481.00 OK
r-patched-linux-x86_64 1.0.2 27.19 126.52 153.71 OK
r-patched-solaris-x86 1.0.2 379.80 OK
r-release-linux-x86_64 1.0.2 26.46 127.71 154.17 OK
r-release-windows-ix86+x86_64 1.0.2 48.00 185.00 233.00 OK
r-release-osx-x86_64 1.0.2 FAIL
r-oldrel-windows-ix86+x86_64 1.0.2 54.00 264.00 318.00 OK
r-oldrel-osx-x86_64 1.0.2 OK

Check Details

Version: 1.0.2
Check: whether package can be installed
Result: FAIL
    
Flavor: r-release-osx-x86_64