CRAN Package Check Results for Package zooaRchGUI

Last updated on 2019-12-09 22:51:31 CET.

Flavor Version Tinstall Tcheck Ttotal Status Flags
r-devel-linux-x86_64-debian-clang 1.0.2 30.42 141.26 171.68 OK
r-devel-linux-x86_64-debian-gcc 1.0.2 24.67 119.13 143.80 OK
r-devel-linux-x86_64-fedora-clang 1.0.2 285.09 OK
r-devel-linux-x86_64-fedora-gcc 1.0.2 193.93 OK
r-devel-windows-ix86+x86_64 1.0.2 67.00 257.00 324.00 OK
r-devel-windows-ix86+x86_64-gcc8 1.0.2 63.00 184.00 247.00 OK
r-patched-linux-x86_64 1.0.2 28.49 126.84 155.33 OK
r-patched-solaris-x86 1.0.2 395.50 OK
r-release-linux-x86_64 1.0.2 25.71 125.53 151.24 OK
r-release-windows-ix86+x86_64 1.0.2 50.00 203.00 253.00 OK
r-release-osx-x86_64 1.0.2 FAIL
r-oldrel-windows-ix86+x86_64 1.0.2 34.00 188.00 222.00 OK
r-oldrel-osx-x86_64 1.0.2 OK

Check Details

Version: 1.0.2
Check: whether package can be installed
Result: FAIL
Flavor: r-release-osx-x86_64