CRAN Package Check Results for Package zoocat

Last updated on 2020-02-21 22:51:26 CET.

Flavor Version Tinstall Tcheck Ttotal Status Flags
r-devel-linux-x86_64-debian-clang 0.2.0.1 4.83 45.01 49.84 NOTE
r-devel-linux-x86_64-debian-gcc 0.2.0.1 4.20 36.34 40.54 NOTE
r-devel-linux-x86_64-fedora-clang 0.2.0.1 67.71 NOTE
r-devel-linux-x86_64-fedora-gcc 0.2.0.1 60.89 NOTE
r-devel-windows-ix86+x86_64 0.2.0.1 10.00 69.00 79.00 NOTE
r-devel-windows-ix86+x86_64-gcc8 0.2.0.1 17.00 63.00 80.00 NOTE
r-patched-linux-x86_64 0.2.0.1 NOTE
r-patched-solaris-x86 0.2.0.1 94.70 NOTE
r-release-linux-x86_64 0.2.0.1 4.80 41.14 45.94 NOTE
r-release-windows-ix86+x86_64 0.2.0.1 8.00 65.00 73.00 NOTE
r-release-osx-x86_64 0.2.0.1 NOTE
r-oldrel-windows-ix86+x86_64 0.2.0.1 7.00 59.00 66.00 NOTE
r-oldrel-osx-x86_64 0.2.0.1 NOTE

Check Details

Version: 0.2.0.1
Check: Rd \usage sections
Result: NOTE
    S3 methods shown with full name in documentation object 'merge':
     'cbind.zoocat'
    
    The \usage entries for S3 methods should use the \method markup and not
    their full name.
    See chapter 'Writing R documentation files' in the 'Writing R
    Extensions' manual.
Flavors: r-devel-linux-x86_64-debian-clang, r-devel-linux-x86_64-debian-gcc, r-devel-linux-x86_64-fedora-clang, r-devel-linux-x86_64-fedora-gcc, r-devel-windows-ix86+x86_64, r-devel-windows-ix86+x86_64-gcc8, r-patched-linux-x86_64, r-patched-solaris-x86, r-release-linux-x86_64, r-release-windows-ix86+x86_64, r-release-osx-x86_64, r-oldrel-windows-ix86+x86_64, r-oldrel-osx-x86_64

Version: 0.2.0.1
Check: package vignettes
Result: NOTE
    Package vignette with placeholder title 'Vignette Title':
     'my-vignette.Rmd'
Flavors: r-devel-linux-x86_64-debian-clang, r-devel-linux-x86_64-debian-gcc, r-devel-windows-ix86+x86_64, r-devel-windows-ix86+x86_64-gcc8