CRAN Package Check Results for Package zoocat

Last updated on 2019-09-21 22:49:13 CEST.

Flavor Version Tinstall Tcheck Ttotal Status Flags
r-devel-linux-x86_64-debian-clang 0.2.0.1 5.40 41.36 46.76 NOTE
r-devel-linux-x86_64-debian-gcc 0.2.0.1 4.54 34.03 38.57 NOTE
r-devel-linux-x86_64-fedora-clang 0.2.0.1 57.95 NOTE
r-devel-linux-x86_64-fedora-gcc 0.2.0.1 55.42 NOTE
r-devel-windows-ix86+x86_64 0.2.0.1 14.00 62.00 76.00 NOTE
r-patched-linux-x86_64 0.2.0.1 5.22 41.57 46.79 NOTE
r-patched-solaris-x86 0.2.0.1 92.40 NOTE
r-release-linux-x86_64 0.2.0.1 5.32 41.30 46.62 NOTE
r-release-windows-ix86+x86_64 0.2.0.1 8.00 90.00 98.00 NOTE
r-release-osx-x86_64 0.2.0.1 NOTE
r-oldrel-windows-ix86+x86_64 0.2.0.1 6.00 52.00 58.00 NOTE
r-oldrel-osx-x86_64 0.2.0.1 NOTE

Check Details

Version: 0.2.0.1
Check: Rd \usage sections
Result: NOTE
    S3 methods shown with full name in documentation object 'merge':
     'cbind.zoocat'
    
    The \usage entries for S3 methods should use the \method markup and not
    their full name.
    See chapter 'Writing R documentation files' in the 'Writing R
    Extensions' manual.
Flavors: r-devel-linux-x86_64-debian-clang, r-devel-linux-x86_64-debian-gcc, r-devel-linux-x86_64-fedora-clang, r-devel-linux-x86_64-fedora-gcc, r-devel-windows-ix86+x86_64, r-patched-linux-x86_64, r-patched-solaris-x86, r-release-linux-x86_64, r-release-windows-ix86+x86_64, r-release-osx-x86_64, r-oldrel-windows-ix86+x86_64, r-oldrel-osx-x86_64

Version: 0.2.0.1
Check: package vignettes
Result: NOTE
    Package vignette with placeholder title 'Vignette Title':
     'my-vignette.Rmd'
Flavors: r-devel-linux-x86_64-debian-clang, r-devel-linux-x86_64-debian-gcc, r-devel-windows-ix86+x86_64