Last updated on 2024-03-28 23:02:02 CET.
Flavor | Version | Tinstall | Tcheck | Ttotal | Status | Flags |
---|---|---|---|---|---|---|
r-devel-linux-x86_64-debian-clang | 5.5.2 | 18.20 | 115.73 | 133.93 | NOTE | |
r-devel-linux-x86_64-debian-gcc | 5.5.2 | 16.34 | 90.52 | 106.86 | NOTE | |
r-devel-linux-x86_64-fedora-clang | 5.5.2 | 161.56 | NOTE | |||
r-devel-linux-x86_64-fedora-gcc | 5.5.2 | 159.98 | NOTE | |||
r-devel-windows-x86_64 | 5.5.2 | 17.00 | 109.00 | 126.00 | NOTE | |
r-patched-linux-x86_64 | 5.5.2 | 23.48 | 112.66 | 136.14 | NOTE | |
r-release-linux-x86_64 | 5.5.2 | 14.93 | 113.20 | 128.13 | NOTE | |
r-release-macos-arm64 | 5.5.2 | 53.00 | NOTE | |||
r-release-macos-x86_64 | 5.5.2 | 92.00 | NOTE | |||
r-release-windows-x86_64 | 5.5.2 | 23.00 | 141.00 | 164.00 | NOTE | |
r-oldrel-macos-arm64 | 5.5.2 | 45.00 | OK | |||
r-oldrel-windows-x86_64 | 5.5.2 | 26.00 | 139.00 | 165.00 | OK |
Version: 5.5.2
Check: Rd files
Result: NOTE
checkRd: (-1) ZIClass.Rd:87: Escaped LaTeX specials: \_
checkRd: (-1) ZITrain.Rd:72: Escaped LaTeX specials: \_
checkRd: (-1) ZITrain.Rd:74: Escaped LaTeX specials: \_
checkRd: (-1) zid.Rd:45: Escaped LaTeX specials: \_
checkRd: (-1) zim.Rd:63: Escaped LaTeX specials: \_
checkRd: (-1) zim.Rd:182: Lost braces
182 | dQuote{tab-delimited text file} when you have done and close the spreadsheet
| ^
Flavors: r-devel-linux-x86_64-debian-clang, r-devel-linux-x86_64-debian-gcc, r-devel-linux-x86_64-fedora-clang, r-devel-linux-x86_64-fedora-gcc, r-devel-windows-x86_64, r-patched-linux-x86_64
Version: 5.5.2
Check: Rd files
Result: NOTE
checkRd: (-1) ZIClass.Rd:87: Escaped LaTeX specials: \_
checkRd: (-1) ZITrain.Rd:72: Escaped LaTeX specials: \_
checkRd: (-1) ZITrain.Rd:74: Escaped LaTeX specials: \_
checkRd: (-1) zid.Rd:45: Escaped LaTeX specials: \_
checkRd: (-1) zim.Rd:63: Escaped LaTeX specials: \_
Flavors: r-release-linux-x86_64, r-release-macos-arm64, r-release-macos-x86_64, r-release-windows-x86_64
Version: 5.5.2
Check: package dependencies
Result: NOTE
Package suggested but not available for checking: ‘rJava’
Flavor: r-release-macos-x86_64