CRAN Package Check Results for Package ztype

Last updated on 2019-09-21 22:49:13 CEST.

Flavor Version Tinstall Tcheck Ttotal Status Flags
r-devel-linux-x86_64-debian-clang 0.1.0 2.10 24.35 26.45 OK
r-devel-linux-x86_64-debian-gcc 0.1.0 1.91 19.86 21.77 OK
r-devel-linux-x86_64-fedora-clang 0.1.0 32.81 NOTE
r-devel-linux-x86_64-fedora-gcc 0.1.0 32.09 NOTE
r-devel-windows-ix86+x86_64 0.1.0 16.00 39.00 55.00 OK
r-patched-linux-x86_64 0.1.0 2.01 24.17 26.18 OK
r-patched-solaris-x86 0.1.0 54.90 NOTE
r-release-linux-x86_64 0.1.0 1.89 23.99 25.88 OK
r-release-windows-ix86+x86_64 0.1.0 8.00 61.00 69.00 OK
r-release-osx-x86_64 0.1.0 NOTE
r-oldrel-windows-ix86+x86_64 0.1.0 4.00 36.00 40.00 OK
r-oldrel-osx-x86_64 0.1.0 NOTE

Check Details

Version: 0.1.0
Check: dependencies in R code
Result: NOTE
    Namespaces in Imports field not imported from:
     ‘dplyr’ ‘ggplot2’ ‘lubridate’
     All declared Imports should be used.
Flavors: r-devel-linux-x86_64-fedora-clang, r-devel-linux-x86_64-fedora-gcc, r-patched-solaris-x86, r-release-osx-x86_64, r-oldrel-osx-x86_64